1696 a multiple of 24?
False
Does 4 divide 57?
False
Does 46 divide 17424?
False
Is 988 a multiple of 59?
False
Is 638 a multiple of 94?
False
Is 15 a factor of 1995?
True
Is 17 a factor of 1668?
False
Does 61 divide 64294?
True
Is 3338 a multiple of 6?
False
Is 15 a factor of 68040?
True
Is 7750 a multiple of 31?
True
Is 1423 a multiple of 20?
False
Does 5 divide 570?
True
Does 5 divide 888?
False
Is 2893 a multiple of 13?
False
Does 138 divide 7590?
True
Is 2175 a multiple of 15?
True
Is 1888 a multiple of 32?
True
Does 66 divide 4884?
True
Is 21 a factor of 8164?
False
Does 3 divide 749?
False
Is 826 a multiple of 26?
False
Does 8 divide 352?
True
Is 33 a factor of 2508?
True
Is 27 a factor of 28971?
True
Is 19938 a multiple of 6?
True
Does 11 divide 5668?
False
Is 232 a multiple of 19?
False
Is 11 a factor of 3172?
False
Is 27 a factor of 1188?
True
Does 24 divide 14695?
False
Is 2 a factor of 64?
True
Does 20 divide 883?
False
Is 6 a factor of 5179?
False
Does 69 divide 1104?
True
Is 42 a factor of 1037?
False
Does 10 divide 1231?
False
Is 26 a factor of 32981?
False
Is 989 a multiple of 18?
False
Does 81 divide 6723?
True
Is 54 a factor of 9396?
True
Does 20 divide 4900?
True
Does 57 divide 308?
False
Does 5 divide 318?
False
Is 5 a factor of 851?
False
Does 11 divide 41899?
True
Is 4 a factor of 556?
True
Is 24 a factor of 3096?
True
Does 330 divide 162122?
False
Is 453 a multiple of 18?
False
Does 69 divide 8832?
True
Does 213 divide 2769?
True
Does 62 divide 13020?
True
Is 4810 a multiple of 3?
False
Is 14235 a multiple of 13?
True
Is 23 a factor of 1388?
False
Is 8 a factor of 88?
True
Is 646 a multiple of 38?
True
Does 20 divide 7227?
False
Is 82 a factor of 1394?
True
Is 179 a multiple of 13?
False
Does 5 divide 75?
True
Does 17 divide 24593?
False
Is 10 a factor of 4447?
False
Is 6556 a multiple of 88?
False
Is 4890 a multiple of 58?
False
Is 1326 a multiple of 3?
True
Does 34 divide 7786?
True
Does 32 divide 13024?
True
Does 19 divide 4964?
False
Is 69 a factor of 2346?
True
Is 163 a factor of 101809?
False
Is 7 a factor of 875?
True
Does 69 divide 6969?
True
Is 789 a multiple of 16?
False
Is 61 a factor of 27314?
False
Does 9 divide 972?
True
Is 144 a multiple of 16?
True
Is 37378 a multiple of 81?
False
Is 37 a factor of 1412?
False
Does 6 divide 318?
True
Does 33 divide 561?
True
Is 1164 a multiple of 12?
True
Is 2982 a multiple of 3?
True
Is 31 a factor of 21545?
True
Does 27 divide 297?
True
Is 8 a factor of 1592?
True
Does 23 divide 481?
False
Is 11 a factor of 3278?
True
Is 29 a factor of 8236?
True
Is 19984 a multiple of 14?
False
Does 6 divide 2598?
True
Is 36 a factor of 2528?
False
Is 25000 a multiple of 106?
False
Is 36 a factor of 5615?
False
Does 93 divide 1416?
False
Is 78 a factor of 1042?
False
Is 1115 a multiple of 49?
False
Is 141 a factor of 21855?
True
Does 16 divide 6896?
True
Is 9 a factor of 629?
False
Is 937 a multiple of 30?
False
Does 12 divide 10634?
False
Does 3 divide 3?
True
Is 12 a factor of 1584?
True
Does 117 divide 458?
False
Is 17 a factor of 4280?
False
Is 40018 a multiple of 167?
False
Is 181 a factor of 10317?
True
Is 1120 a multiple of 40?
True
Is 8963 a multiple of 10?
False
Is 89 a factor of 156729?
True
Is 15 a factor of 313?
False
Is 46 a factor of 77691?
False
Does 18 divide 90?
True
Is 10 a factor of 47150?
True
Does 189 divide 11529?
True
Is 59 a factor of 2404?
False
Is 3983 a multiple of 10?
False
Is 14 a factor of 89?
False
Is 23 a factor of 1384?
False
Is 34 a factor of 204?
True
Is 26 a factor of 1820?
True
Is 1478 a multiple of 18?
False
Does 12 divide 902?
False
Does 69 divide 60306?
True
Does 27 divide 5705?
False
Is 18 a factor of 180?
True
Is 65 a factor of 780?
True
Is 2593 a multiple of 85?
False
Does 21 divide 1407?
True
Is 12 a factor of 887?
False
Is 51 a factor of 3009?
True
Does 28 divide 251?
False
Does 13 divide 2056?
False
Is 7 a factor of 364?
True
Is 1848 a multiple of 21?
True
Is 31516 a multiple of 37?
False
Is 444 a multiple of 5?
False
Does 30 divide 1140?
True
Is 14 a factor of 17500?
True
Is 1113 a multiple of 12?
False
Is 33 a factor of 17061?
True
Is 38 a factor of 2539?
False
Is 78 a factor of 3136?
False
Is 22 a factor of 316?
False
Is 3752 a multiple of 14?
True
Is 24383 a multiple of 57?
False
Is 3478 a multiple of 63?
False
Is 8 a factor of 31352?
True
Is 14 a factor of 912?
False
Is 207 a multiple of 9?
True
Is 2856 a multiple of 16?
False
Does 7 divide 1896?
False
Is 386 a multiple of 2?
True
Is 2135 a multiple of 35?
True
Is 17 a factor of 28830?
False
Is 16 a factor of 6496?
True
Is 2864 a multiple of 8?
True
Is 27 a factor of 52469?
False
Does 68 divide 476?
True
Is 4818 a multiple of 33?
True
Is 4 a factor of 2208?
True
Is 72 a factor of 4421?
False
Does 46 divide 1886?
True
Does 18 divide 36123?
False
Is 70 a factor of 980?
True
Does 12 divide 408?
True
Is 13475 a multiple of 7?
True
Does 6 divide 57708?
True
Is 11 a factor of 858?
True
Is 5 a factor of 923?
False
Is 18 a multiple of 6?
True
Is 20046 a multiple of 48?
False
Does 112 divide 3187?
False
Does 117 divide 84745?
False
Does 49 divide 15876?
True
Is 1726 a multiple of 61?
False
Does 12 divide 18948?
True
Does 134 divide 2278?
True
Does 15 divide 404?
False
Is 10 a factor of 425?
False
Is 5 a factor of 48085?
True
Does 7 divide 248?
False
Is 3776 a multiple of 17?
False
Does 5 divide 1460?
True
Is 12 a factor of 1442?
False
Does 76 divide 836?
True
Is 7 a factor of 798?
True
Is 3619 a multiple of 47?
True
Is 410 a multiple of 12?
False
Does 39 divide 10363?
False
Does 8 divide 1639?
False
Is 11792 a multiple of 134?
True
Is 8976 a multiple of 68?
True
Is 15 a factor of 2246?
False
Is 21 a factor of 231?
True
Is 16 a factor of 5609?
False
Is 3597 a multiple of 33?
True
Does 22 divide 264?
True
Is 594 a multiple of 11?
True
Does 3 divide 4598?
False
Is 1890 a multiple of 5?
True
Does 16 divide 1040?
True
Does 6 divide 986?
False
Is 13350 a multiple of 6?
True
Does 14 divide 26124?
True
Is 1066 a multiple of 26?
True
Does 18 divide 1340?
False
Does 184 divide 8648?
True
Is 2480 a multiple of 20?
True
Is 72 a multiple of 4?
True
Does 9 divide 5733?
True
Is 72 a factor of 41615?
False
Is 26 a factor of 4209?
False
Is 17395 a multiple of 128?
False
Is 572 a multiple of 52?
True
Is 15 a factor of 3195?
True
Does 36 divide 849?
False
Does 9 divide 82?
False
Is 584 a multiple of 8?
True
Is 24520 a multiple of 13?
False
Is 15 a factor of 2580?
True
Does 3 divide 7400?
False
Is 7 a factor of 905?
False
Does 51 divide 1172?
False
Does 51 divide 19176?
True
Does 18 divide 396?
True
Is 13 a factor of 9373?
True
Is 88 a factor of 27984?
True
Is 8 a factor of 656?
True
Is 5464 a multiple of 103?
False
Is 4 a factor of 1748?
True
Is 37 a factor of 481?
True
Does 70 divide 7000?
True
Does 25 divide 2221?
False
Is 2874 even?
True
Is 7 a factor of 76559?
True
Is 1269 a multiple of 27?
True
Does 11 divide 319?
True
Does 131 divide 15851?
True
Is 23337 a multiple of 7?
False
Is 26 a factor of 5876?
True
Does 7 divide 24572?
False
Is 75 a factor of 11131?
False
Is 8604 a multiple of 18?
True
Does 10 divide 146?
False
Does 10 divide 278?
False
Is 3080 a multiple of 35?
True
Is 1615 a multiple of 17?
True
Is 4608 a multiple of 14?
False
Is 24120 a multiple of 30?
True
Does 27 divide 324?
True
Does 107 divide 158437?
False
Is 2 a factor of 1725?
False
Is 31 a factor of 4168?
False
Is 137 a factor of 36336?
False
Is 27 a factor of 5072?
False
Does 20 divide 7420?
True
Does 21 divide 277?
False
Is 23 a factor of 1449?
True
Is 20574 a multiple of 19?
False
Is 149760 a multiple of 39?
True
Is 39960 a multiple of 27?
True
Is 34059 a multiple of 54?
False
Is 190 a factor of 8395?
False
Is 1014 a multiple of 50?
False
Is 12 a factor of 16392?
True
Is 33 a factor of 12672?
True
Is 5040 a multiple of 30?
True
Is 181 a multiple of 9?
False
Is 11 a factor of 6490?
True
Is 844 a multiple of 72?
False
Is 58701 a multiple of 17?
True
Is 93 a factor of 447?
False
Is 16 a factor of 21696?
True
Is 4685 a multiple of 70?
False
Does 121 divide 1573?
True
Is 71 a factor of 5560?
False
Is 77 a multiple of 11?
True
Does 11 divide 25617?
False
Is 1320 a multiple of 15?
True
Does 34 divide 407?
False
Is 1359 a multiple of 24?
F